{"id":58,"date":"2022-12-31T15:35:49","date_gmt":"2022-12-31T15:35:49","guid":{"rendered":"https:\/\/theatertzt.nl\/?page_id=58"},"modified":"2023-01-04T21:15:14","modified_gmt":"2023-01-04T21:15:14","slug":"roest","status":"publish","type":"page","link":"https:\/\/theatertzt.nl\/?page_id=58","title":{"rendered":"Roest"},"content":{"rendered":"\n<figure class=\"wp-block-gallery has-nested-images columns-default is-cropped wp-block-gallery-1 is-layout-flex wp-block-gallery-is-layout-flex\">\n<figure class=\"wp-block-image size-large\"><img decoding=\"async\" data-id=\"53\" src=\"https:\/\/theatertzt.nl\/wp-content\/uploads\/2022\/12\/foto-roest-dans-bijgesneden-1-1024x688.jpg\" alt=\"\" class=\"wp-image-53\"\/><\/figure>\n\n\n\n<figure class=\"wp-block-image size-large\"><img loading=\"lazy\" decoding=\"async\" width=\"1024\" height=\"683\" data-id=\"35\" src=\"https:\/\/theatertzt.nl\/wp-content\/uploads\/2022\/12\/foto-verrekijkers-1024x683.jpg\" alt=\"\" class=\"wp-image-35\" srcset=\"https:\/\/theatertzt.nl\/wp-content\/uploads\/2022\/12\/foto-verrekijkers-1024x683.jpg 1024w, https:\/\/theatertzt.nl\/wp-content\/uploads\/2022\/12\/foto-verrekijkers-300x200.jpg 300w, https:\/\/theatertzt.nl\/wp-content\/uploads\/2022\/12\/foto-verrekijkers-768x512.jpg 768w, https:\/\/theatertzt.nl\/wp-content\/uploads\/2022\/12\/foto-verrekijkers-1536x1024.jpg 1536w, https:\/\/theatertzt.nl\/wp-content\/uploads\/2022\/12\/foto-verrekijkers-2048x1366.jpg 2048w, https:\/\/theatertzt.nl\/wp-content\/uploads\/2022\/12\/foto-verrekijkers-2000x1334.jpg 2000w\" sizes=\"auto, (max-width: 1024px) 100vw, 1024px\" \/><\/figure>\n\n\n\n<figure class=\"wp-block-image size-large\"><img loading=\"lazy\" decoding=\"async\" width=\"1024\" height=\"768\" data-id=\"67\" src=\"https:\/\/theatertzt.nl\/wp-content\/uploads\/2022\/12\/roest-zaal-2-1024x768.jpg\" alt=\"\" class=\"wp-image-67\" srcset=\"https:\/\/theatertzt.nl\/wp-content\/uploads\/2022\/12\/roest-zaal-2-1024x768.jpg 1024w, https:\/\/theatertzt.nl\/wp-content\/uploads\/2022\/12\/roest-zaal-2-300x225.jpg 300w, https:\/\/theatertzt.nl\/wp-content\/uploads\/2022\/12\/roest-zaal-2-768x576.jpg 768w, https:\/\/theatertzt.nl\/wp-content\/uploads\/2022\/12\/roest-zaal-2-1536x1152.jpg 1536w, https:\/\/theatertzt.nl\/wp-content\/uploads\/2022\/12\/roest-zaal-2-2000x1500.jpg 2000w, https:\/\/theatertzt.nl\/wp-content\/uploads\/2022\/12\/roest-zaal-2.jpg 2048w\" sizes=\"auto, (max-width: 1024px) 100vw, 1024px\" \/><figcaption class=\"wp-element-caption\"><sub>Foto&#8217;s Peter Kouijzer<\/sub><\/figcaption><\/figure>\n<\/figure>\n\n\n\n<div class=\"wp-block-columns is-layout-flex wp-container-core-columns-is-layout-28f84493 wp-block-columns-is-layout-flex\">\n<div class=\"wp-block-column is-layout-flow wp-block-column-is-layout-flow\">\n<figure class=\"wp-block-image size-large\"><img loading=\"lazy\" decoding=\"async\" width=\"1024\" height=\"902\" src=\"https:\/\/theatertzt.nl\/wp-content\/uploads\/2022\/12\/Roest-flyer-voorzijde-1024x902.jpg\" alt=\"\" class=\"wp-image-62\" srcset=\"https:\/\/theatertzt.nl\/wp-content\/uploads\/2022\/12\/Roest-flyer-voorzijde-1024x902.jpg 1024w, https:\/\/theatertzt.nl\/wp-content\/uploads\/2022\/12\/Roest-flyer-voorzijde-300x264.jpg 300w, https:\/\/theatertzt.nl\/wp-content\/uploads\/2022\/12\/Roest-flyer-voorzijde-768x676.jpg 768w, https:\/\/theatertzt.nl\/wp-content\/uploads\/2022\/12\/Roest-flyer-voorzijde-1536x1353.jpg 1536w, https:\/\/theatertzt.nl\/wp-content\/uploads\/2022\/12\/Roest-flyer-voorzijde.jpg 1634w\" sizes=\"auto, (max-width: 1024px) 100vw, 1024px\" \/><\/figure>\n<\/div>\n\n\n\n<div class=\"wp-block-column is-layout-flow wp-block-column-is-layout-flow\">\n<p class=\"has-text-align-center\"><strong>ROEST<\/strong><\/p>\n\n\n\n<p class=\"has-text-align-center\">Kan het? Dat het in \u00e9\u00e9n ogenblik besloten ligt dat je bij elkaar past? Klopt het dat ik jou, een onbekende, in \u00e9\u00e9n oogopslag herken? Wel verwarrend. <\/p>\n\n\n\n<p class=\"has-text-align-center\">Hij en zij zagen elkaar, ieder voor zich, al vaker op afstand. Nu staan ze tegenover elkaar, dichtbij en zien elkaar zonder verrekijker. Hoe zal het gaan? Gaat het zoals ze, ieder voor zich, hadden gehoopt? Gaat het, zoals ze, ieder voor zich, hadden bedacht? Klopt het? Of&#8230;<\/p>\n\n\n\n<p class=\"has-text-align-center\">Roest is een humoristische voorstelling vol met ongemak, geschreven door Jibbe Willems. Ali Pankow heeft het geregisseerd. De voorstelling duurt 50 minuten.<\/p>\n<\/div>\n<\/div>\n\n\n\n<figure class=\"wp-block-embed is-type-video is-provider-youtube wp-block-embed-youtube wp-embed-aspect-16-9 wp-has-aspect-ratio\"><div class=\"wp-block-embed__wrapper\">\n<iframe loading=\"lazy\" title=\"Roest trailer TheateR TzT\" width=\"950\" height=\"534\" src=\"https:\/\/www.youtube.com\/embed\/11_vCA4qy40?feature=oembed\" frameborder=\"0\" allow=\"accelerometer; autoplay; clipboard-write; encrypted-media; gyroscope; picture-in-picture\" allowfullscreen><\/iframe>\n<\/div><\/figure>\n","protected":false},"excerpt":{"rendered":"<p>ROEST Kan het? Dat het in \u00e9\u00e9n ogenblik besloten ligt dat je bij elkaar past? Klopt het dat ik jou, een onbekende, in \u00e9\u00e9n oogopslag herken? Wel verwarrend. Hij en zij zagen elkaar, ieder voor zich, al vaker op afstand. Nu staan ze tegenover elkaar, dichtbij en zien elkaar zonder verrekijker. Hoe zal het gaan? &hellip; <\/p>\n<p class=\"link-more\"><a href=\"https:\/\/theatertzt.nl\/?page_id=58\" class=\"more-link\">Lees meer<span class=\"screen-reader-text\"> &#8220;Roest&#8221;<\/span><\/a><\/p>\n","protected":false},"author":1,"featured_media":0,"parent":0,"menu_order":0,"comment_status":"closed","ping_status":"closed","template":"","meta":{"footnotes":""},"class_list":["post-58","page","type-page","status-publish","hentry"],"_links":{"self":[{"href":"https:\/\/theatertzt.nl\/index.php?rest_route=\/wp\/v2\/pages\/58","targetHints":{"allow":["GET"]}}],"collection":[{"href":"https:\/\/theatertzt.nl\/index.php?rest_route=\/wp\/v2\/pages"}],"about":[{"href":"https:\/\/theatertzt.nl\/index.php?rest_route=\/wp\/v2\/types\/page"}],"author":[{"embeddable":true,"href":"https:\/\/theatertzt.nl\/index.php?rest_route=\/wp\/v2\/users\/1"}],"replies":[{"embeddable":true,"href":"https:\/\/theatertzt.nl\/index.php?rest_route=%2Fwp%2Fv2%2Fcomments&post=58"}],"version-history":[{"count":4,"href":"https:\/\/theatertzt.nl\/index.php?rest_route=\/wp\/v2\/pages\/58\/revisions"}],"predecessor-version":[{"id":105,"href":"https:\/\/theatertzt.nl\/index.php?rest_route=\/wp\/v2\/pages\/58\/revisions\/105"}],"wp:attachment":[{"href":"https:\/\/theatertzt.nl\/index.php?rest_route=%2Fwp%2Fv2%2Fmedia&parent=58"}],"curies":[{"name":"wp","href":"https:\/\/api.w.org\/{rel}","templated":true}]}}